.
11
What is the value of -14 - (-21 + (-4 + 9 - -3) - 2)?
1
31 - (5 - -22) - (14 + -71)
61
Evaluate (-29 + 18 + 5 - (4 - -1)) + 1 - 34.
-44
What is the value of (-9 - (-6 + 144)) + 14 - (2 - 23)?
-112
Calculate (-7 + 6 - (-26 + 5 + -5) - 7) + 12.
30
Calculate -4 + 1 - ((-39 - -3) + -281 + 388).
-74
Evaluate -19 - 22 - (18 - 22 - (2 + -1)).
-36
Evaluate 1 + -8 + 22 - (15 + -72 + 127).
-55
Evaluate 47 + -12 + -24 + 0.
11
Calculate -65 + 261 + (-36 - 73).
87
What is (-25 - (-12 + (24 - 38))) + 13?
14
Calculate -19 + -57 + 6 - 12.
-82
What is the value of -15 + (-24 - (-39 + 6)) + (-15 - 1)?
-22
(46 - -2) + (7 - ((42 - 12) + -15 + -15))
55
Calculate -34 + 70 + -135 + 119.
20
Calculate 204 - 202 - (6 - -7).
-11
Calculate -17 + 9 + (3 - -3) + -43 + 53.
8
-16 + 73 + 4 + -83
-22
What is 129 + 11 + -1137 + 1106?
109
What is the value of 15 + (13 - 23) - (1 + 35 - 1 - -6)?
-36
Evaluate -31 + -11 + 48 - (-12 - (-5 - -8)).
21
77 - 28 - 56 - -47
40
Evaluate -15 - (10 + 4 + (-22 + 20 - 87)).
60
Evaluate -97 + -3 + 65 + -8.
-43
What is the value of (-44 - 1) + (33 - (21 - (-19 - -21)) - 10)?
-41
What is the value of 1 + 11 - (2 + (-29 - (22 - 37) - -83))?
-59
What is -5 + 45 + 60 + -93 + (-1 - 20)?
-14
What is the value of 1 + (-2 - -8) - (107 + 18 + -80)?
-38
What is the value of -106 + (102 - 106) - -69?
-41
What is -1 - (-7 + 17 + -14 + 3)?
0
-15 + (-53 - -64 - (-3 + 9)) - -75
65
What is the value of 26 - (-1 + (-10 - (-16 + 15)))?
36
(14 - 13 - -1) + -13 + (-4 + 4 - 45)
-56
-50 - (-8 + 25) - -36
-31
Evaluate 24 + 60 + -58 + (-2 - 7).
17
What is 25 + -19 + -18 - -7 - -21?
16
What is -4 + 50 + (-2128 - -2151)?
69
47 + (28 - (24 + -29) - (17 - 1))
64
Calculate -43 + -16 + 6 + -16 + 30 - (1 - 8).
-32
What is the value of -55 + 15 - (-74 - (-99 - -48))?
-17
Evaluate (0 - 33) + 3139 + -3045.
61
0 + -54 - (7 + -5 - (14 - -15 - 12))
-39
84 + (2 - -10 - (4 - -17 - 5))
80
Evaluate -4 + -36 + 124 + -99 - 23.
-38
What is the value of (1 - (117 + -104)) + 3 + 19?
10
(52 + -31 - 32) + -7 + 0 + 11
-7
Evaluate 67 + (20 - (9 - -13)) + 13.
78
33 + (-4 - (18 + -10)) + -3
18
What is the value of -68 + 1 + 2934 + -2875?
-8
Evaluate 0 + -1 + (0 - 4 - -60 - (67 + -80)).
68
What is the value of 9 - ((-1 + 1 - -91) + (-57 - (-192 - -123)))?
-94
Calculate -1 - (-1 + -54) - (43 + -17 + -2 + -23).
53
What is the value of (-10 - (16 + (22 - 13))) + 8?
-27
Evaluate 16 + (-22 + 67 + -21 - 35) + -1 + 61.
65
Evaluate (1 - -42) + (-30 + 16 - 15 - -23).
37
Evaluate -2 + -3 + 7 - (6870 - 6806).
-62
-124 + 26 + -18 + (-7 - -8) + -28
-143
What is -2 + (33 - (54 + 16 + -51) - (-26 - 0))?
38
What is the value of 59 + (-45 - 73 - -71)?
12
What is (35 - 2) + (925 - 998)?
-40
10 - (-11 + 11) - ((14 - -3) + 73)
-80
Evaluate -248 + 266 - (5 + 1 + 2).
10
Calculate 4 + -27 + 27 + -83 + 17.
-62
Calculate 72 + -53 - ((7 - 4) + 40).
-24
Evaluate (6 - (0 + -3)) + -17 + (-21 + 35 - -5).
11
45 + (-1 - 2) + (16 - (-6 + 19 + 4))
41
(24 - 3) + -35 + (1 - -6) + 25
18
What is the value of -9 - (8 - (-16 + 8) - -5) - 3?
-33
0 + (4 - (-2 - -68)) - (-28 - (-59 - -26))
-67
What is (871 - 909) + 0 + (0 - (-7 - -3 - -5))?
-39
(28 - 24 - -18) + -29
-7
Evaluate -361 + 401 + (-17 - 1) + -22 + 97.
97
Evaluate 14 + -8 + (119 - 103).
22
(16 - (13 - 3) - (-5 + 3)) + (37 - 15)
30
Calculate 0 - -11 - (73 + 16 + -3 + 5).
-80
What is the value of (2 - 19) + (77 - 84) + 26?
2
(-24 - (-126 - -181)) + (6 - -2)
-71
Evaluate 46 + 14 + (39 - 78).
21
(-26 - -17) + 19 + -42 - -20
-12
Evaluate -132 - (-125 - -5 - -20).
-32
Evaluate 11 + 20 + -8 + -15 - (64 + -33).
-23
0 - 108 - (96 + (-246 - -158))
-116
What is 3 + (23 - (95 - -18)) + 10?
-77
What is 7 - 75 - ((-25 + -7 - -21) + -1 + 13)?
-69
What is the value of -1 + -27 + 4 + (3 - -2)?
-19
What is 71 - (-71 - -80 - -61)?
1
Calculate 37 + -13 + -88 + 36.
-28
Calculate 3 + (-14 - 4 - (21 + 11 + -9)).
-38
Evaluate -4 + (2 - -5) + 14 + 7.
24
(13 - (-13 - (13 - (-5 - -31)))) + -55
-42
Evaluate 4 + (-5 + (0 - -2) - (-7 + (37 - 41))).
12
What is the value of 3956 - 3918 - ((2 - -14) + 0 + -2)?
24
What is 15 + (-6 + 28 + -19 - (9 + 0))?
9
Calculate (2 - 56 - (-14 - (-2 - 5))) + 10.
-37
Calculate 0 + -18 + 54 + -24 + 42.
54
121 + 1 + 13521 + -13600
43
Calculate -54 + 19 + 33 + 26 + -17 + 2.
9
Evaluate 4 + 15 - -34 - (-2 - 1 - -2).
54
Evaluate -24 - (4 - 3) - (108 + -203).
70
Calculate -1 + 9 + -1 + (-69 - (1 + -5 - -3)).
-61
What is 1 + 1 + (-36 - 1) + (712 - 731)?
-54
Calculate -2 - (-29 - -6) - (563 + -498).
-44
Evaluate 5 + (-10 - -20) - (52 - 37).
0
Calculate 55 + -13 + -14 + 16 + 6 + -13.
37
Evaluate (0 - -13 - (-22 + -14 + (11 - -10))) + -11.
17
Evaluate -30 - ((-2 + 3 - (-1 + 3)) + (-192 - -184)).
-21
Calculate (-14 - 4) + -686 + 673.
-31
What is the value of (-4 - -20 - 6) + 28 + -2?
36
What is -19 - (-45 - (43 + -41))?
28
What is 17 + 1 - (-16 - 4) - -23?
61
-2 + 10 + 4 + -4 + -6 + 14 + 8
24
Calculate (7008 - 6856) + (1 - 104).
49
Evaluate 13 + (-48 - (-53 - -26)).
-8
Calculate -6 - (8 + -2 - (-3 + -1) - (1146 + -1180)).
-50
Evaluate (-26 - -3) + 5 + 23 + -5.
0
4 + 4 + (30 - (-12 + 84)) + -11
-45
What is 14 - ((-7 - (-20 - -21)) + 15)?
7
What is -15 + 5 + 5 - (-24 - -53)?
-34
Evaluate -87 - (-51 + -72 + 69).
-33
-19 - (30 + (-24 - -74))
-99
Evaluate 17 + -2 + -17 + 33 + -22.
9
Calculate -29 + (6 - (4 + 3) - 8).
-38
Calculate 22 - 2 - (72 + (-43 - 3)).
-6
Evaluate -60 - ((11 - 20) + (30 - 31 - (6 + -30))).
-74
Calculate -32 - -74 - (80 + -51).
13
-10 + -35 + (0 - -7 - (-31 + 19 + 21))
-47
What is the value of 75 + -75 - (-4 + (-17 + 7 - -6)) - -63?
71
What is 1 + -18 - (-2289 - -2194)?
78
What is the value of -6 + -1 - ((9 + -15 - 5) + 14) - 33?
-43
Evaluate -11 - (0 + 3) - (-2635 + 2587).
34
Evaluate -20 + (-48 - -107) + -86.
-47
What is the value of -1 + (57 - 6 - 9) + 5 + -9 + -4?
33
Evaluate -40 + 20 + 12 + 16 + -17.
-9
Calculate -29 - -49 - ((-4 - -16) + -2) - (86 + 7).
-83
-89 - (46 + -101 + -47)
13
What is the value of -28 - (15 - (24 - (0 - 12)))?
-7
What is the value of -15 + -42 + -24 + 1 + 24?
-56
What is the value of 23 + (23 - 5 - (-72 + 100))?
13
What is -301 + 328 + (-30 - -1) - (2 + -4)?
0
Evaluate 2 + (7 - 58) - (6 + -3 + -5).
-47
Evaluate (44 - (-26 + 69)) + 63 + (0 - -16).
80
58 - (-90 - -243) - -51
-44
(-25 - -15 - 10) + 6 + 120 + 5 + -1
110
Calculate ((-1 - -2) + 12 - (-112 + 129)) + 1 + 11.
8
1 - 28 - (622 + -714)
65
Calculate 0 + -34 + 5085 + -5112.
-61
What is (-49 + 89 - 48) + 0 + 1 + -51?
-58
Evaluate 111 - (-2 + 31 + (-12 + 20 - 18)).
92
What is (-62 - (-27 - 36)) + 26 + -1?
26
What is (-3572 - -3546) + 0 + 61?
35
What is the value of (-110 - (23 - 27)) + 2 + 44?
-60
Evaluate 32 - (-206 - -145 - (1 + -13)).
81
What is the value of 112 - (135 - (97 - -19))?
93
What is the value of -11 + 7 + 2 + 1 + (-1215 - -1242)?
26
Evaluate (-31 - 0) + (23 + 75 - 142).
-75
What is the value of (7 - -13) + -8 + (27 + -13 - 37)?
-11
What is 1 + 36 + -2389 + 2388 + 20?
56
(14 - (-86 - -58)) + 1
43
What is -15 + 19 + (3 - 14 - (-12 + 5 - 1))?
1
36 + -12 + (38 - 73)
-11
What is the value of 34 - 45 - (-10 + 0) - (3 - 2)?
-2
What is the value of 1 + -2 - (-23 + 1) - (-419 - -427)?
13
Calculate -30 + 35 + (7 - 24) + 81.
69
What is 9 - (6 + (-2 - -8) + 0 + (-17 - -12))?
2
What is -31 + 17 + -27 + 22?
-19
-11 - ((-28 - -11 - -9) + 25 - (7 - -5))
-16
Calculate (2 - (0 - -11 - (17 - 30) - 12)) + -12.
-22
Evaluate 2 - (6 + 2 + -27 + 34).
-13
2 + -1 - (16 - (44 - (3 - -16)))
10
Calculate -32 + (27 - 55) + 18 - -36.
-6
Evaluate 4 + (-7 - (7 + 7)) + 17.
0
What is the value of 66 + ((2 - 1) + 5 - (-406 - -413)) + 8?
73
Evaluate -56 - -122 - -81 - 86.
61
What is -31 + (-31 - -68) - (11 + -1)?
-4
What is the value of -1 + -51 + 342 + -289?
1
What is -58 - (50 + -41 + -71)?
4
What is the value of 56 + (-38 - -45) - 30?
33
What is -10 - (0 - 6) - (22 + -12 - -43)?
-57
What is the value of 2 + 34 - (-81 + (-55 - -164))?
8
Evaluate 19 - (61 + 12 - 28).
-26
Evaluate -20 + -1 - (49 - 17 - 42 - -4).
-15
What is -18 - -3 - (-5020 + 4942)?
63
What is the value of (6 + -13 - -14) + 1 + 5 + (-53 - -6)?
-34
Calculate 59 - -2 - (-261 + 396).
-74
What is the value of (-92 - -52) + (38 - -3)?
1
-26 + 97 + 10 + -8 + -11 + 27
89
Calculate -5 + 15 - 0 - (-621 - -610).
21
Calculate 4 + 1 - (817 + -833).
